
In base 3, what is -21200 - -2021?
-12102
In base 9, what is 0 - -24?
24
In base 9, what is -844 - 5?
-850
In base 2, what is 100 - 0?
100
In base 9, what is -3 - -174?
171
In base 5, what is -1 + 33023?
33022
In base 3, what is -22 - -21021?
20222
In base 4, what is -23102 + -21?
-23123
In base 15, what is -d - -2?
-b
In base 8, what is 5 - -207?
214
In base 11, what is 69 - -25?
93
In base 3, what is 2 - 110?
-101
In base 6, what is -522 + 1?
-521
In base 16, what is -8a - -3?
-87
In base 13, what is 57 - -3?
5a
In base 2, what is 1 - 1000001011?
-1000001010
In base 5, what is 43 + 113?
211
In base 9, what is 34 - 63?
-28
In base 4, what is -30 + 110?
20
In base 12, what is -8 + 262?
256
In base 8, what is -4 - -252?
246
In base 12, what is -13 - 33?
-46
In base 9, what is -2 + 222?
220
In base 13, what is -26 + -42?
-68
In base 8, what is 10 + 33?
43
In base 15, what is 1c0 + -30?
190
In base 4, what is 120 - -132?
312
In base 10, what is 0 + 1073?
1073
In base 16, what is -2 + 26?
24
In base 13, what is -8 + 6a?
62
In base 13, what is 4 - 13?
-c
In base 6, what is -1 + 21532?
21531
In base 6, what is 20 - 1013?
-553
In base 11, what is -4 + 36a8?
36a4
In base 6, what is 13 - 115?
-102
In base 12, what is -1 + -901?
-902
In base 4, what is -10 - 32?
-102
In base 16, what is 48 - 3?
45
In base 14, what is 3 - -4d0?
4d3
In base 2, what is -1 + 1000000?
111111
In base 10, what is 48 + -4?
44
In base 14, what is 9 + -1367?
-135c
In base 8, what is 513 - -5?
520
In base 14, what is -1382 - 5?
-1387
In base 12, what is -3a - -3?
-37
In base 15, what is -a - 3d?
-48
In base 10, what is 9 - -150?
159
In base 3, what is 101010120 + -12?
101010101
In base 14, what is -b5 + 2?
-b3
In base 7, what is -6 - 144?
-153
In base 2, what is -10100011 - 101?
-10101000
In base 5, what is 30 - -21?
101
In base 13, what is -39 - 5?
-41
In base 9, what is -4 - -36?
32
In base 15, what is 9 + 1?
a
In base 13, what is -322 - -1?
-321
In base 13, what is -27 - -4?
-23
In base 4, what is -1012200 - 10?
-1012210
In base 6, what is 4 - 104?
-100
In base 13, what is -1 - -315?
314
In base 8, what is 1412 + 3?
1415
In base 8, what is 3 + -10?
-5
In base 12, what is 5 - -14?
19
In base 6, what is -34 - 1432?
-1510
In base 4, what is 13100 + 2?
13102
In base 16, what is -201 - -4?
-1fd
In base 2, what is -110100100000 + -1?
-110100100001
In base 12, what is 50 + -1?
4b
In base 11, what is 4 + -90?
-87
In base 2, what is 11 - -1000011110011?
1000011110110
In base 5, what is 11 - -144?
210
In base 4, what is -33 - 133?
-232
In base 16, what is -1 + -50f?
-510
In base 7, what is 3 - -256?
262
In base 16, what is -3 - 1447?
-144a
In base 16, what is 26 - -30?
56
In base 10, what is -85 + -4?
-89
In base 2, what is 1101111 - 101?
1101010
In base 5, what is -2 - -12?
10
In base 12, what is 1 - -212?
213
In base 11, what is -25 - -13?
-12
In base 13, what is 471 + -1?
470
In base 4, what is -11131 + -30?
-11221
In base 9, what is 80 - 3?
76
In base 14, what is 9 - 42c?
-423
In base 16, what is -c5d - 5?
-c62
In base 15, what is -2 - -2cd?
2cb
In base 9, what is -6 + -28?
-35
In base 14, what is 2 + b39?
b3b
In base 12, what is 3 - 57?
-54
In base 11, what is 0 + -277?
-277
In base 16, what is 148 - -9?
151
In base 8, what is 5 + 37?
44
In base 10, what is 24 + -5?
19
In base 3, what is 12 + 11012?
11101
In base 5, what is 420 - 3?
412
In base 12, what is -651 - 0?
-651
In base 14, what is 79 + -8?
71
In base 11, what is -31 - -56?
25
In base 2, what is -1010 + 0?
-1010
In base 3, what is 22110 + -1?
22102
In base 13, what is -c2 - 6?
-c8
In base 14, what is 8 - 22?
-18
In base 14, what is 1 - 448?
-447
In base 8, what is -600 + -2?
-602
In base 2, what is -1000 - 1010010000?
-1010011000
In base 10, what is 0 + -51?
-51
In base 2, what is -100 + 110101111?
110101011
In base 12, what is -4 - -5a?
56
In base 14, what is -c1 + 2?
-bd
In base 13, what is -1282 - 1?
-1283
In base 2, what is 10101 - -111100111?
111111100
In base 14, what is -24d2 - -1?
-24d1
In base 15, what is -a0 + 7?
-98
In base 13, what is c1 - -1?
c2
In base 10, what is -18 - 25?
-43
In base 10, what is -20 - 6?
-26
In base 4, what is 32 + 12120?
12212
In base 16, what is -2 - -28c?
28a
In base 11, what is a2 + 0?
a2
In base 7, what is -3 - 1220?
-1223
In base 6, what is -1 - 252?
-253
In base 2, what is 1000 - -100000010001?
100000011001
In base 8, what is -3425 + -4?
-3431
In base 7, what is 1 - -12133?
12134
In base 7, what is 6 - -16?
25
In base 5, what is 1002 - -13?
1020
In base 16, what is 31 + 6?
37
In base 9, what is 2 + -104?
-102
In base 13, what is 61a - a?
610
In base 7, what is 30 - 23?
4
In base 9, what is -24247 + 3?
-24244
In base 14, what is 0 + -162?
-162
In base 8, what is 711 + -4?
705
In base 10, what is 91 - 3?
88
In base 16, what is -12a + -5?
-12f
In base 15, what is 1 - -16d?
16e
In base 12, what is 1 + -35?
-34
In base 12, what is 3 - 29a8?
-29a5
In base 9, what is -1 + -148?
-150
In base 15, what is 5 + 5?
a
In base 10, what is -5256 - 2?
-5258
In base 16, what is -3b + 4b?
10
In base 9, what is 166 - 5?
161
In base 13, what is -6 + -11?
-17
In base 7, what is -4 + -3?
-10
In base 11, what is -65 + a?
-56
In base 5, what is 10 + 40?
100
In base 12, what is -5 + -746?
-74b
In base 16, what is 343 - -3?
346
In base 7, what is -3 + 50?
44
In base 12, what is -36 + -13?
-49
In base 6, what is 1 - -10012?
10013
In base 7, what is 23460 + -4?
23453
In base 16, what is 2 + -664?
-662
In base 12, what is -4 - -333?
32b
In base 3, what is -1222 + -2?
-2001
In base 16, what is -3 + 21a?
217
In base 3, what is -2 + 10022?
10020
In base 5, what is -213333 + -4?
-213342
In base 11, what is -4 - 547?
-550
In base 11, what is -26 - -138?
112
In base 15, what is -870 - -8?
-867
In base 8, what is -1404 - -2?
-1402
In base 9, what is 17322 - 4?
17317
In base 8, what is -3172 - 2?
-3174
In base 3, what is -122 + -1011?
-1210
In base 7, what is 2 - 2510?
-2505
In base 9, what is 87 - -7?
105
In base 4, what is -2 - 10?
-12
In base 12, what is -3a59 - -2?
-3a57
In base 6, what is 5 + 124?
133
In base 2, what is -111011 + -1101?
-1001000
In base 16, what is 8d + -5?
88
In base 15, what is 0 + 48?
48
In base 2, what is -1011000 + 1010000?
-1000
In base 9, what is -540 + -5?
-545
In base 8, what is -5 - 106?
-113
In base 5, what is 100 - -3?
103
In base 10, what is 63 - -6?
69
In base 8, what is 4 + -122?
-116
In base 13, what is -14c - -14?
-138
In base 11, what is 113 + 0?
113
In base 9, what is -30 + 7?
-22
In base 11, what is 77 + -5?
72
In base 3, what is 21222 + -21?
21201
In base 2, what is 11 + 111111?
1000010
In base 10, what is 16 - 479?
-463
In base 6, what is -2331 - -15?
-2312
In base 13, what is -5 + 134?
12c
In base 8, what is 3 + 253?
256
In base 15, what is 37b7 - -4?
37bb
In base 2, what is -1010 + 101101?
100011
In base 16, what is -a + d?
3
In base 9, what is -178 + 0?
-178
In base 7, what is -455 + 0?
-455
In base 6, what is -30 - 10444?
-10514
In base 11, what is -3 + 328?
325
In base 10, what is 4 - -771?
775
In base 13, what is 4 + -129?
-125
In base 16, what is 0 + -23?
-23
In base 11, what is -4 - -841?
838
In base 14, what is -4a - -4?
-46
In base 3, what is 1200122 + 0?
1200122
In base 6, what is 0 + 124?
124
In base 8, what is -6776 - -3?
-6773
In base 13, what is 4742 - 4?
473b
In base 15, what is -1a7 - 7?
-1ae
In base 2, what is -1001000111 - -10100?
-1000110011
In base 16, what is 13e + 2?
140
In base 9, what is -278 - -14?
-264
In base 8, what is 2 - 11?
-7
In base 2, what is -101000011 - 11?
-101000110
In base 6, what is 5515 + 4?
5523
In base 5, what is 1 + 2200?
2201
In base 3, what is -2002222 - -2?
-2002220
In base 3, what is -1202201 - -10?
-1202121
In base 2, what is -1 - 111101000?
-111101001
In base 14, what is -7 + -27?
-30
In base 13, what is -111 - 0?
-111
In base 9, what is 6 + 17?
24
In base 9, what is -2633 + -5?
-2638
In base 2, what is 1111 + -11?
1100
In base 3, what is 2121 - 102?
2012
In base 10, what is 1 - 316?
-315
In base 7, what is -4 - 50?
-54
In base 6, what is -3 - -1055?
1052
In base 13, what is 7849 + -3?
7846
In base 13, what is 43 + -95?
-52
In base 15, what is a9a - 3?
a97
In base 4, what is -1 - 2113220?
-2113221
In base 11, what is 2 - 3